{"id":7062,"date":"2024-11-14T02:55:09","date_gmt":"2024-11-14T02:55:09","guid":{"rendered":"https:\/\/wuv.com.mx\/?post_type=product&#038;p=7062"},"modified":"2024-12-21T15:42:51","modified_gmt":"2024-12-21T15:42:51","slug":"lezhin-seasons-greetings-2025","status":"publish","type":"product","link":"https:\/\/wuv.com.mx\/index.php\/producto\/lezhin-seasons-greetings-2025\/","title":{"rendered":"Lezhin Season\u2019s Greetings 2025"},"content":{"rendered":"<p><strong>\u00a1\u00daLTIMAS PIEZAS DISPONIBLES!<\/strong><\/p>\n<p>Compra limitada a 1 pieza por cliente.<\/p>\n<p>El lanzamiento es en Enero 2025, los env\u00edos internacionales iniciar\u00e1n a finales de ese mes.<\/p>\n","protected":false},"excerpt":{"rendered":"<p>\u00a1\u00daLTIMAS PIEZAS DISPONIBLES! Compra limitada a 1 pieza por cliente. El lanzamiento es en Enero 2025, los env\u00edos internacionales iniciar\u00e1n a finales de ese mes.<\/p>\n","protected":false},"featured_media":7060,"comment_status":"open","ping_status":"closed","template":"","meta":[],"product_brand":[],"product_cat":[181,182],"product_tag":[],"class_list":{"0":"post-7062","1":"product","2":"type-product","3":"status-publish","4":"has-post-thumbnail","6":"product_cat-bl-merch","7":"product_cat-merch-oficial","9":"first","10":"outofstock","11":"sale","12":"shipping-taxable","13":"purchasable","14":"product-type-simple"},"jetpack_sharing_enabled":true,"_links":{"self":[{"href":"https:\/\/wuv.com.mx\/index.php\/wp-json\/wp\/v2\/product\/7062","targetHints":{"allow":["GET"]}}],"collection":[{"href":"https:\/\/wuv.com.mx\/index.php\/wp-json\/wp\/v2\/product"}],"about":[{"href":"https:\/\/wuv.com.mx\/index.php\/wp-json\/wp\/v2\/types\/product"}],"replies":[{"embeddable":true,"href":"https:\/\/wuv.com.mx\/index.php\/wp-json\/wp\/v2\/comments?post=7062"}],"version-history":[{"count":3,"href":"https:\/\/wuv.com.mx\/index.php\/wp-json\/wp\/v2\/product\/7062\/revisions"}],"predecessor-version":[{"id":7119,"href":"https:\/\/wuv.com.mx\/index.php\/wp-json\/wp\/v2\/product\/7062\/revisions\/7119"}],"wp:featuredmedia":[{"embeddable":true,"href":"https:\/\/wuv.com.mx\/index.php\/wp-json\/wp\/v2\/media\/7060"}],"wp:attachment":[{"href":"https:\/\/wuv.com.mx\/index.php\/wp-json\/wp\/v2\/media?parent=7062"}],"wp:term":[{"taxonomy":"product_brand","embeddable":true,"href":"https:\/\/wuv.com.mx\/index.php\/wp-json\/wp\/v2\/product_brand?post=7062"},{"taxonomy":"product_cat","embeddable":true,"href":"https:\/\/wuv.com.mx\/index.php\/wp-json\/wp\/v2\/product_cat?post=7062"},{"taxonomy":"product_tag","embeddable":true,"href":"https:\/\/wuv.com.mx\/index.php\/wp-json\/wp\/v2\/product_tag?post=7062"}],"curies":[{"name":"wp","href":"https:\/\/api.w.org\/{rel}","templated":true}]}}